-4*f - 3*a - 11. Let w be ((-1 - -1) + f)*1. Let g = 1 + w. What is the units digit of g?
2
Let x(o) = 3*o**3 + 2*o + 1. Let z be x(-1). Let d(w) = w**2 + 2*w - 3. What is the units digit of d(z)?
5
Let m(w) = w**3 + 3*w**2 - 10*w + 7. What is the units digit of m(5)?
7
Let p(i) = i**3 + 10*i**2 + 7*i. What is the units digit of p(-9)?
8
Suppose 6 = 4*v - 6. Suppose -2*b - 2*k = -3*b + 20, 0 = -b - 4*k + 50. Suppose -4*n - 4 = 2*a, n - b = -v*a + 4*n. What is the units digit of a?
6
Suppose -3*s + 129 + 12 = 0. What is the tens digit of s?
4
Let f(t) = -t**3 - t**2 + t - 2. What is the units digit of f(-3)?
3
Let f(x) = 2*x + 74. What is the units digit of f(21)?
6
Let r be (36/16)/((-1)/(-4)). Let m = r - 4. Let z = 7 - m. What is the units digit of z?
2
Suppose -4 = 4*d - 20. Suppose d*l - 39 = 13. What is the units digit of l?
3
Let n(c) = 16*c**2 + 7*c - 9. What is the units digit of n(2)?
9
Let w = -219 - -581. What is the hundreds digit of w?
3
Let n(k) = 2*k**2 + 9*k - 3. Let c(l) = -l**2 - 5*l - 6. Let m be c(-5). What is the units digit of n(m)?
5
Let r be 1/(-2) + 31/2. Let p = r + -7. Suppose p = m - 0. What is the units digit of m?
8
Suppose -5*x + 4*f + 6 = 0, 5*x - 3*f = -f + 8. Suppose -5*m + 41 = x*a + 10, 4*m - 17 = a. Suppose a*t = -2*t + 35. What is the units digit of t?
7
Let f(m) = -m**2 - 9*m - 4. Let x(h) = -h**2 - 10*h - 3. Let a(p) = -5*f(p) + 4*x(p). What is the tens digit of a(-8)?
3
Let s be ((-12)/(-8))/(2/4). Suppose -7*p - 10 = -12*p. Suppose 63 = s*o + p*c, -5*o + 5*c - 2*c = -124. What is the tens digit of o?
2
Suppose -m + 2 + 0 = 0. Suppose 5*q - m*q = 21. What is the units digit of q?
7
Let t be -3 + (-2)/(-4)*2. Let h be t/(-5) - (-6)/(-15). Suppose -b = -h*b - 15. What is the units digit of b?
5
Let b = -3 - -5. Suppose d - 11 = -b*f, -5*d - 3*f + 18 = -2*d. Suppose -v = d - 8. What is the units digit of v?
7
Suppose -3*o - 45 = 2*o. Let c be (-2)/((-16)/o - 2). Let k = -5 + c. What is the units digit of k?
4
Let k be 4 + (-8)/4 + -16. Let s(u) = -u**3 - 14*u**2 - 4*u - 17. What is the tens digit of s(k)?
3
Suppose -5*w + 4*g + 2 = -4*w, -5*g = 5. Let q(i) = 2*i**3 + 3*i**2 + i + 2. Let p be q(-2). Let d = w - p. What is the units digit of d?
2
Suppose 0 = -4*m - 8, -3*m + 163 = 4*l - 11. What is the units digit of l?
5
Suppose 0 = -2*q + 20 - 6. What is the units digit of (-82)/(-7) + 2/q?
2
Let y = -11 - -22. Let a(q) = -q**2 + 12*q + 15. What is the tens digit of a(y)?
2
Let u(n) = n. Let k be u(3). Let w = k + 5. What is the units digit of w?
8
Suppose 3*d + 10 = g - 0*d, 3*g = 5*d + 22. Let z be (g/2)/(-2) + 26. Suppose 5*p - 4*m + 9 = 43, 0 = 4*p - m - z. What is the units digit of p?
6
Suppose -3*b = 2*b + 5, -17 = -2*g + 5*b. What is the units digit of g?
6
Suppose v - 3*o - 118 = 0, -5*v + 3*v = -5*o - 232. Let d = -72 + v. What is the units digit of d?
4
Let z(s) = -s**2 + s. Let b be z(1). What is the units digit of b + -2*1/(-2)?
1
Let s = 3 - -24. What is the units digit of s?
7
Let r be 26/4 - 11/(-22). Suppose 3*f + r - 34 = 0. What is the units digit of f?
9
Let u(a) = 3*a**2 - 2*a - 1. What is the units digit of u(-2)?
5
Let a = -19 + 29. What is the tens digit of a?
1
Let i = 96 + -7. Let q = i + -57. What is the tens digit of q?
3
Let u(j) = 2*j + 5. What is the tens digit of u(3)?
1
Let k be -4*(45/(-12))/3. Suppose k + 8 = -j - 3*n, -3*j = -n - 11. What is the units digit of j?
2
Let d be (5 + -4)*(4 - 1). Suppose -m = d*m - 12. What is the units digit of m?
3
Let z(a) = 5*a**3 - 9*a**2 - 8*a - 13. Let l(n) = -6*n**3 + 8*n**2 + 7*n + 14. Let v(u) = -6*l(u) - 7*z(u). What is the units digit of v(-14)?
7
What is the hundreds digit of 978/15*5*4/8?
1
Let s(l) = -l**2 + 6*l - 3. Let w be s(4). Suppose 4*d + w = 33. What is the units digit of d?
7
Let q = 5 + -4. What is the units digit of q?
1
Let j(d) = -4*d + 11. What is the units digit of j(-6)?
5
Let n(p) = -p + 1. Let d be n(8). Let j = d + 14. What is the units digit of j?
7
Suppose -5*v - 169 = -3*n + 36, -5*n = -3*v - 347. What is the tens digit of n?
7
Let x = 171 - 71. What is the hundreds digit of x?
1
Let d = 3 + -3. Suppose 3*n - 51 = -d*n. What is the units digit of n?
7
Suppose 78 = 3*h - 21. What is the tens digit of h?
3
Suppose -2*m + 3 = 2*a - 9, -2*m + 3*a + 22 = 0. What is the tens digit of (-1 + -3 + 6)*m?
1
Let a = -5 - -8. Suppose -x - 7 = -a*p, 3*x - 2*x - 18 = -2*p. What is the units digit of x?
8
Let y(g) = 7*g**2 + 3*g - 2. Let a(w) = 20*w**2 + 10*w - 7. Let u(h) = -6*a(h) + 17*y(h). What is the tens digit of u(-7)?
2
Let o(g) = g**2 - 54*g + 54*g. Suppose 2*j - j = 3. What is the units digit of o(j)?
9
Suppose 3 = 4*f - 5. Let h = 3 - f. What is the units digit of h?
1
Suppose 4*i - u = 72, -i - i + 46 = -3*u. What is the units digit of i?
7
Let z be 0 - 0 - 4/2. Let y(o) = -o**3 - 8*o**2 + 10*o + 10. Let w be y(-9). Let c = w - z. What is the units digit of c?
3
Let o be 2/(-4) + 18/(-4). Let j = o + 28. Suppose 5*i + 1 = 4*l - 0*l, 5*i + 2*l - j = 0. What is the units digit of i?
3
Let r(l) = -3*l**2 - 3*l - 2. Let s be r(-3). Let t be s/6*(-9)/6. Suppose 0*c = t*c - 10. What is the units digit of c?
2
Suppose -8*m - 334 = -1286. What is the hundreds digit of m?
1
Let f(w) = -40*w - 2. What is the units digit of f(-4)?
8
Let y = 319 - 188. What is the tens digit of y?
3
Let f(h) = h**2 - 3*h + 1. Let c be f(2). Let u be c/((-3)/(-3*7)). Let t = u - -12. What is the units digit of t?
5
Suppose 4*z + r = 12, 4*z + 2*r - 6 = 2*z. Suppose -3*y = z*g + 6, 3*y - 14 = 5*g - 3*g. Let j = 5 + y. What is the units digit of j?
7
Let b(p) = -3 + 2*p**2 - 2*p - p**2 + p. Let d be b(3). Suppose -64 = -u - d*u. What is the tens digit of u?
1
Suppose 3*g + 7 - 1 = 0. Let p be g/(-4)*(-5 - -3). What is the units digit of (-8)/(-2) + 2 + p?
5
Let x be 1 - 3 - (-27 + 0). Suppose 0 = 2*m + x - 5. What is the units digit of (-2)/m - 9/(-5)?
2
Let d = 0 - -3. Suppose -5 + d = 2*x. What is the units digit of 5 - (0 - 0)/x?
5
Suppose -2*r - 52 = 10. Let d = r + 54. What is the tens digit of d?
2
Let m(s) = -2*s**3 + 3*s + 4. What is the tens digit of m(-4)?
2
Let f(n) = -n**3 - 3*n**2 - 2*n + 2. Let c be f(-2). Let w = c + -2. Suppose 3*o - 5*g = 13, o + w*o - 5*g - 1 = 0. What is the units digit of o?
6
Let g(b) = -10*b**3. Let k be g(-1). What is the units digit of (-7 + k)*(-34)/(-6)?
7
Let h be 1 + (2 + -1)*5. Let d = h - 10. Let v = d - -6. What is the units digit of v?
2
Suppose -u = -48 + 3. Suppose -t - 2*t + u = 0. What is the tens digit of t?
1
Let v(y) = 3*y**2 + 3*y - 3. Suppose 0 = 4*a - 7 + 19. What is the tens digit of v(a)?
1
Let v(s) = -3 + 4 - 4*s - 4 + 2*s**2 + 0. What is the tens digit of v(4)?
1
Let k(s) = 6*s - 11. Let b(a) = -3*a + 5. Let p(z) = -13*b(z) - 6*k(z). Let m be p(2). Let x(f) = -f**3 + 6*f**2 + 8*f + 5. What is the units digit of x(m)?
2
Suppose -g + 3*b = -56, -5*b + 10*b + 15 = 0. What is the tens digit of g?
4
Suppose 20 = 5*q + 2*a, a = 6*a. Suppose -5*k = q*d + 33 + 15, -k - d = 10. Let x = k + 19. What is the tens digit of x?
1
Suppose 2*i = 4*w - 80, 3*w - 43 - 31 = 5*i. What is the tens digit of w?
1
Let s be 2/1 + 0 - 0. Let j(p) = -p - 3. Let f be j(-7). Suppose x - 25 = -f*h, -2*h + 20 = -0*h + s*x. What is the units digit of h?
5
Let u(s) = s**3 - 7*s**2 - s + 9. Let f(h) = -h**3 + 7*h**2 + h - 10. Let o(v) = -3*f(v) - 4*u(v). What is the units digit of o(7)?
1
Let x(k) = -2*k**2 + 6*k + 5*k**2 - 4*k. What is the units digit of x(-3)?
1
Let i = -4 - -7. Let c = 6 - i. What is the units digit of (-4)/(-2)*6/c?
4
Let y(x) = -3*x + 72. What is the tens digit of y(0)?
7
Suppose -a + 4*a + 9 = 0, -2*d - 5*a = -371. What is the units digit of d?
3
Let v(r) be the first derivative of 2*r**3/3 - 3*r**2 + 4*r + 1. What is the tens digit of v(4)?
1
Let u be 33/44 - 13/(-4). Let r = -13 - -4. Let g = u - r. What is the units digit of g?
3
Suppose 45*n - 47*n = -106. What is the units digit of n?
3
Suppose 0*q - 4*q = 0. Suppose 6*y - y - 105 = q. What is the tens digit of y?
2
Suppose 2*p = 3*x - 0*x + 31, p + 23 = -2*x. Let i = -5 - x. What is the units digit of i?
6
Suppose -2*k + 4*t + 246 = 0, 0 = -2*k - 2*t + 170 + 94. What is the units digit of k?
9
Let j be 4/30*-3*5. Let o = 1 - j. Wh